ose 3*t - 10 = -4. Calculate the remainder when b is divided by t.
0
Suppose 1817*i + 19007 + 20287 = 1854*i. What is the remainder when i is divided by 37?
26
Suppose -s - s = 8. Let g = 99 + -207. Calculate the remainder when s/(-18) + -3*3340/g is divided by 32.
29
Suppose l - x = 45 + 39, -5*x = -2*l + 153. Let t(y) = -y**3 + 4*y**2 + 2*y + 2. What is the remainder when l is divided by t(4)?
9
Suppose 0 = 2*m - 5*m + 174. Let j = 67 - m. Let t(d) = d**2 - 8*d + 11. What is the remainder when t(j) is divided by 7?
6
Suppose -33940 = -228*j + 5048. Calculate the remainder when 703 is divided by j.
19
Calculate the remainder when 24/(-7)*(-203)/4 is divided by 48.
30
Calculate the remainder when (4917/44)/(-4 + (1495/(-28))/(-13)) is divided by 212.
195
Suppose -f + 9 = o + 2*f, 4*f - 8 = 0. Suppose p + 12 = 4*b, -o*p - 5*b = -6*b + 3. Suppose -2*r + 173 - 3 = p. What is the remainder when r is divided by 22?
19
Let w(d) = -d**3 + 16*d**2 + d - 10. Let g = 49 - -86. What is the remainder when g is divided by w(16)?
3
Suppose -v - x + 155 = 0, 11*x - 8*x = v - 155. What is the remainder when v is divided by 72?
11
Calculate the remainder when 1184 is divided by (6623/358)/((-1)/(-2)).
0
Let c(a) = -2*a + 131. Calculate the remainder when 4292 is divided by c(9).
111
Suppose -531*b - 1708 = -545*b. Calculate the remainder when 1460 is divided by b.
118
Let f(b) = b**2 - 17*b + 2. Let h(q) be the third derivative of -q**4/24 + 3*q**2. Let t(y) = -f(y) + 2*h(y). What is the remainder when 71 is divided by t(13)?
23
Let c(z) = -242*z - 942. Calculate the remainder when 977 is divided by c(-4).
15
Suppose 5*r + 4*g = 277, 2*r - g - 91 = 25. Calculate the remainder when 246 is divided by r.
18
Let q be (6/10)/((-6)/(-20)). Suppose n - 4 = 2*p - 5*p, 3*p - 1 = q*n. Calculate the remainder when (-6)/(p + (-19)/16) is divided by 5.
2
Let f(i) = -3*i**2 + 3*i + 22. Let p be f(7). Let d = p + 104. Suppose -3*a + 30 = -d*a + b, 0 = 5*b. Calculate the remainder when a is divided by 2.
0
Calculate the remainder when 97 + 8 - (3/(-6) - -1)*8 is divided by 5/(5/26)*1.
23
Let j = -87 + 89. Suppose -246 = -2*n + 3*h, -244 = -j*n - h + 5*h. What is the remainder when n is divided by 42?
0
Suppose 3224*a + 168888 = 3197*a + 1053543. What is the remainder when a is divided by 31?
29
Suppose -82 = -n - b, 4*n + 23*b = 18*b + 330. Let k(a) = 3*a + 10. Let p be k(9). Let d = p - 14. Calculate the remainder when n is divided by d.
11
Let p = 6128 - 3906. Suppose -43*t + 57 = -p. What is the remainder when t is divided by 9?
8
Let r(h) = h**3 + 2*h**2 - 4*h - 7. What is the remainder when -826*(-10)/32 - 104/832 is divided by r(3)?
24
Suppose -4*w = -18 + 442. Let j = 36 - w. Let m = j + 77. Calculate the remainder when m is divided by 55.
54
Suppose w = 2*w - 16. Suppose 6*s = -47 + 149. Suppose 4*g + 9 = 3*n, 0 = 5*g - s + 2. Calculate the remainder when w is divided by n.
2
Let h = -171 + 240. Let x = 21951 + -21923. Calculate the remainder when h is divided by x.
13
Calculate the remainder when 82 is divided by (-2 - 7/(-21)) + (-10)/3 - -35.
22
Let i = -642 + 648. Suppose i*a - 11*a + 10 = 5*c, 3*c = 4*a - 22. What is the remainder when 30 is divided by a?
2
Let w be (-3 - -11)*1 + 4. Suppose -w*m + 855 = -3*m. What is the remainder when m is divided by 49?
46
Let c(k) = k**2 - k - 112. Let i be c(0). Let n = -74 - i. Let a = n - -7. What is the remainder when a is divided by 16?
13
What is the remainder when 16057 is divided by (-258)/(-473) - 4800/(-33)?
143
Let w = 322 - 316. Let m = -1 - 8. What is the remainder when -129*m/(81/w) is divided by 11?
9
Suppose 0 = -9*z + 4*z + 710. Suppose -4*p - z = -2*p. Let c = 100 + p. Calculate the remainder when c is divided by 10.
9
Let p(q) = 118*q**2 + q - 1. Let x(y) = -y**3 + 6*y**2 + 1. Let n be x(6). Calculate the remainder when p(n) is divided by 1/(8/32) - (-234)/9.
28
Let u(y) = y + 26. Let m be u(-15). Suppose -j - 2 - m = 5*i, -22 = -5*j + 4*i. What is the remainder when 19 is divided by j - (-1)/(3/6)?
3
Suppose 8*w - 105 = 3*w. Calculate the remainder when (-1179)/(-21) + (-138)/(-161) is divided by w.
15
What is the remainder when 231 is divided by (-25)/(-15) + -3 + ((-1660)/(-12) - 0)?
94
Let s = -11 + 9. What is the remainder when 141 is divided by 2*s/6 + (-14586)/(-198)?
68
Suppose 18*v - 31*v + 264 + 490 = 0. What is the remainder when 384 is divided by v?
36
Let w be (-1)/((-4)/568)*(2 - 1). Suppose 11*g - 67 = w. Suppose n = 4*m - 5*m + 39, -4*m = 3*n - 119. What is the remainder when n is divided by g?
18
Suppose 4*o - 42 = -2*h, 0 = 5*o + 2*h - 3*h - 70. Suppose 4*z + 9*a - 5 = 14*a, -4*z - 4*a = -32. What is the remainder when o is divided by z?
3
Let n = -404 - -403. What is the remainder when 72 is divided by (n + 2)/(56/2968)?
19
Let k be 12 + (-1)/(-1)*(-11 + 9). Suppose 5*c = -5, c - 128 = 7*s - k*s. Calculate the remainder when s is divided by 17.
9
Let t(v) = -v**3 - v**2 + v + 1. Let k be t(-1). Suppose -6*w + 2 + 34 = k. Calculate the remainder when 31 is divided by w.
1
What is the remainder when 589 is divided by (-2950)/(-40)*3/(30/8)?
58
Suppose 0 = 6*m + 16*m + 9482. Let t = m + 439. Suppose 5*d - 8 = -3*c + 150, 96 = 3*d + 3*c. What is the remainder when d is divided by t?
7
Calculate the remainder when 1661 is divided by (0 - -19 - -2) + (-15 + 3 - -7).
13
Suppose -5*m = -2*m - 5*x - 158, x = -3*m + 170. What is the remainder when 14 is divided by 4/(-6)*-12*21/m?
2
Let v(a) = 2*a**2 + 95*a - 61. Let x be v(-46). Let l = x - -804. What is the remainder when l is divided by 32?
29
Let r = 54 + -50. Let f be (-42)/r*(6 + 22/(-3)). Let c(p) = -p**3 + 13*p**2 + 14*p + 25. Calculate the remainder when 45 is divided by c(f).
20
Let a = 18 + -49. Suppose -z - 35 = 11. Let l = a - z. Calculate the remainder when 71 is divided by l.
11
Let p(a) = a**2 + 7*a - 60. Let f be p(-12). Suppose -5*z + 4*x + 64 = f, -z + 5*x + 6 = 10. What is the remainder when z is divided by 15?
1
Let h be 0/((-5)/(20/(-8))) + 4. Suppose -o + 3*z + 16 = o, 2*z + h = 0. Calculate the remainder when ((-11)/2)/(o/(-60)) is divided by 23.
20
Let r(q) = -2*q**2 - 5*q + 21. Let v be r(-6). Let a = -18 - v. Suppose d + 4*d + 34 = 2*o, 0 = -a*d. What is the remainder when 30 is divided by o?
13
Let y(g) be the first derivative of g**4/4 - 2*g**3 + 3*g**2 - 11*g + 237. Calculate the remainder when 44 is divided by y(6).
19
Suppose 4*i + 144 = 4*h, 0 = -i + 5*i + 2*h + 138. Let g be (0 - 189/15)/((-7)/i). Let y = g - -90. What is the remainder when 134 is divided by y?
26
Suppose -5256 = 56*b - 47*b. What is the remainder when 34 is divided by 20/55 - b/88?
6
Let p(l) = 416*l**2 + 2*l - 1. Calculate the remainder when p(1) is divided by (2/(16/132))/(3/4).
21
Suppose 28 = 2*m + 7220*f - 7219*f, -3*m = -2*f - 56. Calculate the remainder when 5846 is divided by m.
6
Suppose -115*g - 7224 = -9507 - 15312. Calculate the remainder when 274 is divided by g.
121
Let h(v) = 59*v + 695. What is the remainder when 123 is divided by h(-11)?
31
Suppose 26*o - 84 = -1592. Let d = o - -113. Let l(v) = v**3 - 4*v**2 + 6*v - 5. What is the remainder when d is divided by l(4)?
17
Let f(z) = -274*z - 334. What is the remainder when f(-8) is divided by 30?
28
Let d = 3787 - 3703. Calculate the remainder when 2936 is divided by d.
80
Let b = -2785 + 2868. What is the remainder when 3815 is divided by b?
80
Let g = 17635 - 17332. Calculate the remainder when 1839 is divided by g.
21
Let i = 3 - 5. Let c(l) = l**3 + l**2 - 9. Let w(d) = -3*d**3 + 3*d**2 - 5*d - 35. Let j(t) = -3*c(t) + w(t). What is the remainder when j(i) is divided by 10?
0
Let n(l) = 3*l**2 + 7*l + 5. Let i be 522/29*(-1)/((-6)/4). Suppose 6*r - 7*r = -i. Calculate the remainder when n(-5) is divided by r.
9
Let b(v) = -53*v + 362. What is the remainder when b(-13) is divided by 40?
11
Suppose -151*d = -149*d. Suppose -5*n + 240 = 5*c - d*c, 2*n = 2*c - 104. What is the remainder when 346 is divided by c?
46
Let p be 34 + 2 + 2 + -4. Suppose -u = -p + 20. Let s(c) = c**3 + 8*c**2 - 11*c + 8. Calculate the remainder when s(-9) is divided by u.
12
Suppose 3636 = -2*r + 6*r. Let d(l) = 187*l - 52907. Calculate the remainder when r is divided by d(283).
13
Calculate the rem